+ -2641 - (-92 + -1)?
44
Calculate (0 - -9) + ((-92 - -135) + -94 - (21 - 1)).
-62
Calculate 9 + -1 + -15 - 55 - (0 - (24 - 21)).
-59
What is (-3 - 2 - (17 - 14 - 7)) + 58?
57
What is -23 + (31 - (23 + -22)) - -56?
63
What is the value of -23 + 16 + -32 + (-7 - -25)?
-21
Evaluate -172 + -43 + 73 + 19.
-123
What is 18 + 1046 + -1039 + 0 + -2 + 1 + 3?
27
Evaluate (1 - 31) + (235 - -5 - 213).
-3
Evaluate (-7 - -16 - (2 - -2)) + (150 - 141).
14
Calculate -73 - (-62 - -61 - 83).
11
Evaluate -9 + 12 - (23 - -3 - -3 - (-15 - -1)).
-40
Evaluate (10 - 10) + (-17 - -143) + 0 + -4 + 0.
122
What is the value of 10 - (21 + 0) - 23 - -21?
-13
11 + -36 + 60 + -38
-3
What is 14 + (-7 - ((5 - 0) + 3 + -2))?
1
-5 - (-22 - -5 - (-44 + (34 - 18)))
-16
What is -10 - ((-26 - 1) + -253 + 245 + 8)?
17
What is -59 + (-63 + 115 - 39)?
-46
Evaluate (0 - 7) + -99 + 85 + 17.
-4
Calculate 38 - ((101 - -24) + -58).
-29
What is the value of 44 + -1 - (54 - (86 - 24 - 2))?
49
Calculate -2240 + 2142 + 1 + 26 + -2.
-73
Evaluate -2 - ((1 - (-7 + -4)) + 20 - 13).
-21
-2525 + 2620 + (-73 - 4)
18
Evaluate -69 - (-3 + -2 + 10 + 3 - (921 + -917)).
-73
What is the value of 30 + -2 + (-8 - (0 - 51))?
71
33 - ((335 - 128) + -57)
-117
What is 37 + (53 + 28 - 109)?
9
What is -31 - ((-4 + -14 - -31) + 3 + (-3 - 6))?
-38
Calculate 25 - (14 - -10) - 31.
-30
(-3 - -2) + -11 + (51 - 110 - -48)
-23
What is (2 - (-2 - 3) - -3) + (-27 - (-7 + -14))?
4
Evaluate (69 - (48 + -4)) + -38.
-13
97 + (-1 - -3) + (-34 - -69) + -31
103
0 + -1 + -44 + (204 - 137) + -62
-40
Evaluate (0 - -4 - (3 - -4)) + -30.
-33
What is the value of 90 + -2 - (1980 + -1909)?
17
Evaluate (-732 - -627) + (8 - -15 - 4).
-86
-78 + 12 + (1 - (-1 + -1 + 28 + -21))
-70
Calculate -5 + 1 + 2 - (-193 - -183) - 28.
-20
Evaluate -24 + (-14 - (-34 - -16) - -19).
-1
Calculate 77 + (0 + ((10 - 4) + -26 - -12) - -16).
85
56 + (15 - 1) + -11 + (-8 - (-27 - -11))
67
What is the value of (-8 - -7) + 13 + -17 + 8?
3
Calculate (2 + -1 - (48 + -39)) + 1 + 27.
20
Calculate -37 + 1 + -3 + (-3 - (7 + -9)) + 4.
-36
Calculate (3049 - 3008) + -33 + 4 + -4.
8
What is 72 - (18 - (-13 + (25 - 15)) - 13)?
64
Calculate 67 + 32 + 30 + -120.
9
Calculate 21 - -41 - (-540 + 534).
68
Evaluate -43 + -36 + 33 - (5 + 2).
-53
-6 + (41 - -13) + -52 + (0 - -4)
0
What is the value of -1 - 22 - (225 + -143 + -78)?
-27
Calculate 39 - (0 - ((5 + -13 - -13) + 5)).
49
Evaluate 5 + 2 - (-5 + 14) - (116 - 10).
-108
(3 - 86) + 1 + 5 + 370 + -376 + 3
-80
What is 47 + 37 + 11 + -40?
55
-12 - (-349 + 356 - (-2 + 2 + 16))
-3
Evaluate -2 - -32 - (-11068 - -11066).
32
What is -346 + 212 - (-73 - 10)?
-51
-19 - (-7 + (60 - 8)) - (1 - -5 - 6)
-64
Calculate (-9 - 4 - (10 - 11)) + (57 + 1 - 4).
42
(124 - (-25 + 116)) + 60
93
Evaluate -31 + (18 + -2 + -11 - 7).
-33
Calculate -10 + -5 - (42 + 30 + -41).
-46
What is 3 - ((64 - 80) + 4 + (-12 - -6))?
21
What is 75 - 17 - (2 + -8 + (10 - 19) + 6)?
67
(14 - 1) + 50 + 12 + -68 + -6 + 6
7
Evaluate 23 + 4 + -15 + (24 - (1 + 4)).
31
What is the value of 4065 - 4057 - (6 - (0 + 2 + -2))?
2
What is the value of (-78 - -4) + 9 + 9 - (28 - 34)?
-50
What is the value of -49 + (11 - 13) + -3 + 9 - -11?
-34
What is 14 + (-42 - -52) + -30 - (1 - -46)?
-53
Calculate 57 + ((10 - -5) + -4 - -7) + -13.
62
-58 + 45 - (-6 + 11)
-18
-23 + -3 + 18 + 6 + 0 + 5 + 60
63
Evaluate 0 + -3 - -24 - (-47 - -47).
21
Evaluate 55 + -36 - 11 - -24.
32
Calculate (0 - -43) + -4481 + 4521.
83
Evaluate 3 + -7 + (-38 - -8) - (-7 - -3).
-30
Calculate (1054 - 1083) + (-3 - (1 + -79)).
46
Calculate (10 - 33) + 150 + -64 - 5.
58
What is 64 + 9 - (17 + -34 - -38)?
52
-117 + (13 - (-7 - -5 - 3)) + 3
-96
Calculate 29 + (11 - 36) + 27 + (-2 - 12).
17
(-51 - -1) + (-110 - -263) + -154
-51
Evaluate 9 + -18 + -41 + 81.
31
What is the value of -4 + -3 + -25 - (-199 - -210)?
-43
-39 + ((13 - -11 - 43) + 18 - (-7 - 1))
-32
What is 54 + 39 + (68 - 142)?
19
Calculate 83 + (66 + -16 - 169).
-36
3 - -12 - ((-17 - (-16 - -2)) + 25)
-7
What is -15 + (-2 + 11 - -13) + (-3 - -32)?
36
Calculate -75 - ((36 - -91) + -105).
-97
Evaluate 22 + -30 - (-59 + 81 + -83 + -2 + -1).
56
What is the value of 67 + (5 - 3 - 99)?
-30
What is the value of -1 + 4 - ((98 - 86) + (-8 + 12 - 114))?
101
Calculate (-12 - (-31 + 63 - 45)) + 65.
66
What is (2 - 101) + (424 + -410 - (0 + -3 - -10))?
-92
What is the value of -55 + 0 + 1570 + -1518?
-3
Evaluate 3 + 7 + -46 + -8 + -5 + 14.
-35
What is the value of -11 + (15 - (0 + -16)) - 29?
-9
What is -56 + (-6 - -1) + 10 + 11?
-40
Evaluate (-54 - 62 - -96) + 46.
26
What is the value of (-15 - 63 - -118) + -105?
-65
What is -19 - (18 - (17 + -16)) - (35 + -14)?
-57
-19 + (-16 - (-21 - 40))
26
What is -13 + (-8 + 39 - 33 - (-36 + 1))?
20
What is 57 - ((-55 - -15) + 59)?
38
-17 + 77 + -75 + (4 - -3) + -97
-105
3 + 13 + -4 + 3 + -5 - 20 - -57
47
-6 + (35 - 0 - 68)
-39
Calculate (-6 - ((1 - 4) + 17)) + (3 - 22 - -25).
-14
55 + -76 + 3 - -44
26
Evaluate -26 + (3 + (23 - 34) - -19).
-15
Evaluate 20 + (33 - 71 - -23) - -45.
50
Evaluate -63 + 46 + -129 + 116.
-30
Evaluate (-7 + 31 - (39 - -28)) + -8.
-51
What is -2 + (12 + (4 - 18 - -3) - (-51 + -2))?
52
Calculate -21 + (-13 - -23) + 12 + 51.
52
Evaluate 43 + -5 + (-231 - -102).
-91
-18 - (13 - 16) - (-23 + 7 + -21)
22
Evaluate (-62 - -93) + (-1 + 7 - 9).
28
Evaluate (7 + (-25 - -13) + 10 - -6) + 18.
29
Calculate (-2 - 9) + -74 + 85 - (-4 + -5).
9
7 - (32 + -39 - -16)
-2
What is 1 + -113 + 1 - (-62 + (-11 + -26 - -87))?
-99
What is the value of 2 + (-58 - (21 + (-17 - -12)))?
-72
Evaluate -52 + (-4 - (-6 - 7 - 11 - -12)).
-44
What is the value of 45 - (-47 - -23 - -116)?
-47
Calculate -65 + 70 + (-7 - -1 - (-5 + 5 + -3)).
2
(80 - -1) + -51 + 63 + 1 + -16
78
What is -10 - (-12 + 42 + -7 + -8)?
-25
What is (-9 - -3 - (-12 + -12 + 14)) + -10 - 5?
-11
Evaluate -20 + (69 - (86 + 15)).
-52
Evaluate -21 - (-2 + -13) - 25 - (2 + -5).
-28
34 - (-134 + 139 + 148)
-119
Evaluate 73 - (246 + -103) - -112.
42
Calculate -4823 + 4785 - ((-17 - -1) + -3 + 1).
-20
What is the value of 43 + -43 + (13 + 8 - 7 - 3)?
11
0 - -22 - (-1849 + 1838)
33
Evaluate 127 + (126 - 122) + (-19 - -6).
118
Evaluate (16 - 2) + (25 - (55 + 12 + -37)).
9
What is the value of 21 - 35 - ((-10 - (11 - 50)) + -3)?
-40
What is the value of -123 - (29 - 85) - (-13 + -21)?
-33
What is the value of -7 - (-57 + 5 + 9 + 9 + -12 + 10)?
29
22 + -11 + 14 + 11 + 23
59
What is 4 - (-142 + -5) - (135 + -110)?
126
What is 20 + (35 - -9) + -41?
23
1 + (1 - 5) - (-33 + 82 + -30)
-22
Evaluate -41 - (57 - (-75 + 65)).
-108
Calculate -13 + (-8 - (5 - (21 + 9))).
4
What is the value of 11 - -2 - (-24 - -5 - -34 - 27)?
25
What is the value of 8 + -41 - (30 - 31 - 8)?
-24
What is 0 + 3 + 9 + -59 + 36 + -8?
-19
Calculate 33 + -2 + 21 + 152 + -158.
46
What is the value of 2 + -103 - (-299 - -294)?
-96
What is 106 - 77 - 71 - 16?
-58
Evaluate -2 + (5 - 9 - -3) + -5 + -155 + 149.
-14
What is (-18 - (-31 + -3) - 66) + -14?
-64
Evaluate 0 + -46 + -2 + -6 + (40 - (-35 - -58)).
-37
What is -8 - -23 - (11 + (-13 - -25)) - -58?
50
Evaluate -20 + -9 + 9 - (-2 + (23 - -9)).
-50
(3 - 1 - 2) + (-471 - -453)
-18
What is the value of (-21 - -25) + (54 - (-6 + 0)) + -7?
57
Calculate -2 + (10 - -11) - 30 - 11.
-22
Evaluate 22 - -3 - (-765 - -820).
-30
What is -1 + -15 + 18 + (-34 - -17)?
-15
Calculate (24 - -1) + (-145 - (-91 - 88)).
59
Evaluate 0 + -23 - (14 - (17 + -15 + 6)).
-29
Calculate 5 + 4 + -8 - (8 + -65 + 27).
31
(0 - -15) + -17 + 18 + 4 + -38
-18
What is 17 + (-8 - (22 + -25) - 10) + 4?
6
Calculate -6 - (44 - -7 - 32 - -32).
-57
What is the value of -2 - ((-25 + -5 - -12) + 11)?
5
Evaluate 13 + -3 + -8 + -5.
-3
-18 + (33 - (53 + -24)) + (-56 - -4)
-66
What is the value of 9 + -7 + -26 + 21 - 44?
-47
Calculate (-28 - (-3 + -4) - (26 - (-8 - -23))) + -6.
-38
What is the value of (-295 - -316) + (-34 - 0) - (1 + -18)?
4
What is the value of (-199 - -57) + 68 + 33?
-41
What is the value of 450 - 417 - ((0 - -2) + -11)?
42
(54 - -1) + -11 + (21 - -14) + -14 + 2
67
What is (-3 - -6) + 13 + 55 + -75 + (14 - -1)?
11
What is the value of (24 - 7) + (11 - -1 - 0) + 51?
80
Calculate 3 - 49 - -2 - (57 + -90).
-11
-69 - (50 + -219 + 15)
85
-64 + (-121 + 147 - (5 + (5 - -4)))
-52
63 + 22 + -9 - 19 - (15 + 0)
42
Cal